i be y(2). Let d(f) = 2*f**2 - 6*f - 1. Give d(i).
19
Suppose 0*g + 4*g = 0. Let o(n) = -n + 8. Let t be 2 + (-5 + 3)/(-2). Let l(b) = b - 8. Let y(q) = t*l(q) + 2*o(q). Give y(g).
-8
Let v = -32 + 32. Let a(f) be the third derivative of -f**6/120 - f**5/60 + f**4/24 + 7*f**3/6 - f**2. What is a(v)?
7
Suppose 0*m = 4*u - 4*m + 20, 13 = -u + 3*m. Let c be (u + 2)*(-5)/(-1). Let n(l) be the first derivative of l**3/3 - 5*l**2/2 + 7*l + 167. Give n(c).
7
Suppose -15 = 9*c - 12*c. Let i(o) = 2 - 2 + 4 + c*o - 5. What is i(-3)?
-16
Let p(h) = 3 + 6*h**2 - 2 - 9 - 6*h**2 + 14*h + h**2. What is p(-14)?
-8
Let p(d) = 8 + 116*d**2 - 32 - 117*d**2 - 25*d. Let g be p(-24). Let w(k) = -k - 10. Determine w(g).
-10
Let r(v) = 2*v - 5. Let d(p) = -6*p + 30. Let q be d(5). Suppose -5*z = 5*y - 5, q = y + 1 + 3. Determine r(z).
5
Let z(g) = 6*g - 71. Let f be z(13). Let l(y) be the first derivative of -1/3*y**3 + 5/2*y**2 - f*y + 3. Calculate l(6).
-13
Suppose -118 + 160 = -7*u. Let l(a) = a**3 + 7*a**2 + 8*a + 1. Give l(u).
-11
Let s(f) = -f**3 + 16*f**2 + f - 20. Suppose c + c = -4, -4*w + 2*c = -68. Calculate s(w).
-4
Let l(m) be the second derivative of 3*m**2 + 1/24*m**4 + 6*m + 0 - 1/3*m**3. Let i(o) be the first derivative of l(o). Give i(3).
1
Let n(c) = -c**3 + 6*c**2 - 5*c + 1. Suppose 4*y = -2*v + 24, -10*v + 5*v = -5*y. Determine n(v).
13
Let y(d) = -11*d - 8. Let q(a) = -13*a - 9. Let c(x) = -5*q(x) + 6*y(x). Let v be 20/(-6)*15/5. Let l be (-15)/v*16/6. Calculate c(l).
-7
Let m be 0/(5/30*6). Suppose m = v - 5*v + 28. Let t(i) be the first derivative of -i**3/3 + 3*i**2 - 2*i - 1. Determine t(v).
-9
Let z(p) = p**2 + 7*p + 8. Let n be z(-6). Let u(d) = 129*d - 248*d + 123*d. What is u(n)?
8
Let j(m) = m**2 - 5*m + 5. Suppose -62*h = -61*h + 6. Let z(s) = -s**2 + 5*s - 5. Let i(f) = h*z(f) - 5*j(f). Let u be (-6)/6*(-10)/2. Calculate i(u).
5
Let m = 12 - 4. Let g(r) = m*r + 4 + 6 - 9. Suppose 1 + 4 = b + 2*k, 3*b + 12 = 3*k. Calculate g(b).
-7
Suppose 2*o = -4, 0 = -f - 0*f - o. Let q(p) = -3*p + 2*p**f - 3*p**2 + 0*p**2 + 10*p. Give q(3).
12
Suppose l + 3*s = 5*s + 1, 2*l + 4*s = 10. Let y = 6 - 4. Let p(g) = l*g - 2 - g + g**y - 3. Calculate p(-5).
10
Let k(s) = -2*s + 3. Let o = 154 + -149. Calculate k(o).
-7
Let k be (-524)/(-12) - (-1 + 6/9). Let u be ((-6)/(-3))/(k/10 - 4). Let v(d) = 3*d - 5. Determine v(u).
10
Let w(h) = -2*h - h - 10 + 2. Let q = -884 + 877. Give w(q).
13
Let c(i) = -i**3 + 5*i**2 + 48*i + 9. Let f be c(10). Let r(v) = v**3 + 11*v**2 + 3*v + 4. Give r(f).
-29
Let a(z) = -30*z**3 - 32*z**2 + 14*z + 18. Let g(s) = 11*s**3 + 11*s**2 - 5*s - 6. Let k(w) = -4*a(w) - 11*g(w). What is k(7)?
-13
Let z(j) = -j + 1. Suppose 5*y - 4*a - 2 = -37, -4*a + 63 = -9*y. Determine z(y).
8
Suppose -3*w = 2*w - 5*o - 65, -3*w + 15 = 5*o. Let z(d) = 5*d + 11 - 3*d - 3*d. Let f be z(w). Let h(l) = -16*l + 1. Calculate h(f).
-15
Let x(r) = 5*r**3 + 7*r**2 - 7 - r**3 - 3*r**3 + 3*r. Let u(l) = -2*l**3 + 33*l**2 - 47*l + 24. Let o be u(15). Give x(o).
11
Let j = -1245 - -1253. Let n(t) = -t**3 + 7*t**2 + 5*t + 15. Give n(j).
-9
Let v(p) = 2 + 277*p - 11 - 278*p. Give v(-7).
-2
Let a(l) be the third derivative of -l**6/180 + l**5/20 - 7*l**4/24 - 3*l**2. Let k(m) be the second derivative of a(m). Calculate k(4).
-10
Let i(p) = -p**3 - 4*p**2 + 5*p - 7. Let f(v) = v**3 - 9*v**2 - v. Let k be f(10). Let z = k - 60. Suppose -z = 5*c - r, 0*r + r = -4*c - 15. What is i(c)?
-7
Suppose 0*r + 6 = -3*r. Let j be (-2 - -1)/(r/(-4)). Let y be (-7)/j*(1 - -1). Let x(d) = -d**2 + 4*d + 10. What is x(y)?
-11
Suppose 12*g - 7*g = 0. Suppose 2*j - 14 = -g. Let q(i) = j*i + 3 - 2 + 3*i. Give q(-1).
-9
Suppose 2*j + 2*y = -27 - 3, 0 = -3*j + 5*y - 61. Let o(a) = 26*a + 29. Let l(s) = -9*s - 10. Let i(t) = j*l(t) - 6*o(t). Determine i(5).
-19
Let z = 6 - 6. Suppose 2*s - 6*s = z. Let d(r) = -3*r - 14. Let i(k) = -k - 7. Let j(q) = 2*d(q) - 5*i(q). What is j(s)?
7
Let c(u) be the second derivative of -u**4/12 + 5*u**3/3 - u**2/2 - 266*u - 1. Calculate c(8).
15
Let g(c) = -31*c**2 + 9*c - 15. Let l(y) = -17*y**2 + 5*y - 8. Let u(v) = 6*g(v) - 11*l(v). What is u(4)?
10
Let w(u) = -31*u**2 + 8*u - 11. Let z be w(2). Let y = -115 - z. Let n(c) = c**3 - 6*c**2 + 3*c + 5. Determine n(y).
-15
Suppose 9*k - 10*k - 4 = 0. Let s be 0/1 + -1 + 5. Let o(b) = 3*b + s*b - 3*b + b**2. What is o(k)?
0
Suppose 0*a + 4*y = -a - 16, 2*a + 2 = -2*y. Suppose g - 10 = -5*q, 2*g + 9 - 1 = a*q. Let x(b) = 3*b**3 - 3*b + 1. Give x(q).
19
Let w(b) = b**2 - 2*b. Let q be (-6)/9*18/4. Let d be (q + -1)*(-3)/2. Let z be (-2)/(-4)*1*d. What is w(z)?
3
Let u be (11/2 + -6)/(2/8). Let r(c) = c**2 - 5*c - 5. What is r(u)?
9
Let a(f) = 11*f - 3. Let d be (-6 - 1)*2/(-7). Suppose 5*c = 3*n + 9, 2*n + d*c + c = 13. Give a(n).
19
Let p(u) be the third derivative of u**5/30 + u**4/8 - u**3/6 + 65*u**2. Determine p(-3).
8
Let i(g) = -2*g - 16. Let n be i(-11). Suppose -l = d + 2*d + n, -5*l = -5*d - 50. Let j(q) = q**3 - 7*q**2 + 7*q + 8. Calculate j(l).
14
Let h(c) = 8*c + 12. Let p(k) = 15*k + 22. Let s(x) = 5*h(x) - 3*p(x). Give s(-4).
14
Let p(m) = -4*m**2 - m - 11. Let d(l) = -3*l**2 + l - 10. Let c(o) = -5*d(o) + 4*p(o). Calculate c(-7).
20
Let v be (40/(-6))/(42/9 - 4). Let g(w) = -w**2 - 7*w + 33. Give g(v).
3
Let s(r) = r**3 - 6*r**2 + 5*r - 2. Let z(k) = 2*k + 22. Let x be z(-10). Suppose 2*m - x*d - 3*d + 7 = 0, 3*m - 3*d = 3. Determine s(m).
-14
Let p(z) = -2*z**2 + z - 1. Let m(d) = -d**3 + 12*d**2 - 3*d + 1. Let g(v) = -m(v) - 2*p(v). What is g(8)?
9
Let c(j) = 2 - 3*j + 2*j + 1 + 6. Let v be c(7). Let i(q) = 2*q + 2*q + 2 - 5*q + 1. What is i(v)?
1
Let d be -3 - (-85 + (2 - 5)). Suppose -m = -6*m + d. Let u(j) = -j**3 - m*j + 3 + 2*j**2 + 17*j. What is u(3)?
-6
Suppose 107 = 13*n - 36. Let r(j) = -n - 2*j - 7 - 14 + 34. Give r(5).
-8
Let n(j) be the third derivative of -j**5/60 + 3*j**4/8 + 3*j**3/2 - 216*j**2. Give n(11).
-13
Let b(o) = -2*o**2 - 5*o - 1. Suppose -10 = 3*v - 2*i, 0 = 7*i - 3*i + 4. Give b(v).
-13
Suppose -9*g = -11*g + 8. Let r(n) = -n**3 + 6*n**2 - 3. Calculate r(g).
29
Let l(f) be the third derivative of f**6/120 - f**5/30 - f**4/24 - f**3/3 + 15*f**2. Let i be (-3)/2*(-5 + 1). Let o be 16/i + (-6)/(-18). What is l(o)?
4
Suppose 4*k - 20 = -5*o, k - 2*o + 8 = -3*k. Suppose k = -n - 3*q + 20, 0*n = 2*n + q - 15. Let f(p) = 2 + 0*p**3 - p**3 + 4 + 5*p**2. What is f(n)?
6
Suppose 9*z = z. Suppose z = 3*g - 2*t - 19, 4*g = 2*t - t + 17. Let o(d) = -4*d - 5 + 1 + g*d - 1. What is o(-4)?
-1
Let j(f) = -f - 1. Let g be j(-6). Let n(i) = 6 - 11 + 4 + 2. Let r(p) = p**2 - 4*p - 3. Let s(m) = n(m) - r(m). Calculate s(g).
-1
Let f(v) = -2*v**2 + 4*v - 3. Let z(b) = b**3 - 2*b**2 - 9*b + 1. Let m be z(0). Determine f(m).
-1
Let m = 101 - 97. Let g(i) = i**3 - 5*i**2 + 7*i - 4. What is g(m)?
8
Suppose 0 = -34*b + 35*b + 6. Let n(w) be the first derivative of w**4/4 + 7*w**3/3 + 4*w**2 + w - 2. Determine n(b).
-11
Let w(k) = -8 + 131*k - 69*k - 61*k. What is w(9)?
1
Suppose 36*k - 31*k + 2 = 3*z, -5*z = 2*k - 24. Let j(d) = -12*d**2 - d - 2. Give j(k).
-52
Let k(a) = 7*a + 5. Let o = 67 - 71. What is k(o)?
-23
Let q(a) be the first derivative of -3*a**2/2 + 8*a + 3. Let b(d) = -d**3 - d**2 + 4*d. Suppose 15*z = 10*z - 15. Let l be b(z). Give q(l).
-10
Let h(m) = 0 - 34 - 12*m + m**2 + 0*m**2 + 14. Calculate h(14).
8
Suppose 4*q - 44 = -2*v, -3*v = -7*v. Let p = q - 8. Suppose 8 = -p*c - 4. Let f(g) = -g**2 - 6*g - 1. Determine f(c).
7
Suppose -3*y - 3 + 21 = 0. Let j(b) = b**3 - 7*b**2 + 5*b + 6. Let o be j(y). Let d(h) = -h**3 - h**2 - 2. Let x be d(o). Let t(r) = r**3 + r**2 + r. Give t(x).
-6
Let q(t) = -8*t - 6. Let b(f) be the first derivative of f**2/2 - 13. Let w(g) = -6*b(g) - q(g). Calculate w(-5).
-4
Let a be -8*(-2)/6 + (-8)/12. Suppose a = -2*c + 4. Let r(x) = -5 - 7*x**2 + 0*x**2 + 4 + x. Determine r(c).
-7
Let j(a) = -a**2 - 8*a + 5. Let l be 188/28 + 4/14 + -4. Suppose 11 = -3*x + i - 18, l*x = 5*i - 37. Determine j(x).
-4
Let g = 31 + -26. Let n be g*((-6)/(-5))/3. Let u(m) = 1 + m**2 - m - 9 - n + 7*m. Give u(-7).
-3
Let h(x) = -2 + x**2 + 3*x - x - 5*x. Let m(g) = -g**3 - 2*g**2 + g - 3. Let n be m(-3). What is h(n)?
-2
Let a(n) = -17*n + 18*n - 7 - 5. Suppose 0